 of 15190?
1
What is the hundreds digit of 20523?
5
What is the units digit of 6729?
9
What is the units digit of 63049?
9
What is the units digit of 765?
5
What is the thousands digit of 1706?
1
What is the tens digit of 1936?
3
What is the hundreds digit of 1847?
8
What is the tens digit of 9950?
5
What is the tens digit of 102751?
5
What is the thousands digit of 3993?
3
What is the hundreds digit of 4784?
7
What is the tens digit of 6441?
4
What is the hundreds digit of 39388?
3
What is the thousands digit of 43705?
3
What is the ten thousands digit of 25671?
2
What is the thousands digit of 35831?
5
What is the hundreds digit of 26519?
5
What is the units digit of 4434?
4
What is the hundreds digit of 434?
4
What is the thousands digit of 4201?
4
What is the thousands digit of 2304?
2
What is the tens digit of 270?
7
What is the tens digit of 2908?
0
What is the thousands digit of 24935?
4
What is the thousands digit of 1075?
1
What is the hundreds digit of 6197?
1
What is the units digit of 2778?
8
What is the hundreds digit of 25953?
9
What is the thousands digit of 9089?
9
What is the thousands digit of 5508?
5
What is the hundred thousands digit of 132688?
1
What is the thousands digit of 3871?
3
What is the units digit of 27778?
8
What is the units digit of 280?
0
What is the hundreds digit of 33127?
1
What is the units digit of 686?
6
What is the hundreds digit of 51708?
7
What is the hundreds digit of 17295?
2
What is the ten thousands digit of 113226?
1
What is the units digit of 11038?
8
What is the tens digit of 158?
5
What is the ten thousands digit of 123429?
2
What is the units digit of 8577?
7
What is the hundreds digit of 3392?
3
What is the tens digit of 728?
2
What is the tens digit of 15276?
7
What is the hundreds digit of 1157?
1
What is the ten thousands digit of 24258?
2
What is the tens digit of 7655?
5
What is the units digit of 1111?
1
What is the units digit of 104874?
4
What is the tens digit of 3409?
0
What is the hundreds digit of 20609?
6
What is the tens digit of 2772?
7
What is the units digit of 31720?
0
What is the tens digit of 267?
6
What is the tens digit of 911?
1
What is the tens digit of 1019?
1
What is the units digit of 961?
1
What is the tens digit of 3109?
0
What is the units digit of 1916?
6
What is the tens digit of 1133?
3
What is the units digit of 6014?
4
What is the thousands digit of 25813?
5
What is the ten thousands digit of 11848?
1
What is the thousands digit of 2160?
2
What is the tens digit of 65378?
7
What is the units digit of 2445?
5
What is the units digit of 15529?
9
What is the thousands digit of 1553?
1
What is the hundreds digit of 2428?
4
What is the units digit of 305?
5
What is the hundreds digit of 11247?
2
What is the hundreds digit of 4125?
1
What is the units digit of 11164?
4
What is the thousands digit of 1459?
1
What is the thousands digit of 10440?
0
What is the thousands digit of 44101?
4
What is the hundreds digit of 9344?
3
What is the ten thousands digit of 199579?
9
What is the ten thousands digit of 11789?
1
What is the thousands digit of 2377?
2
What is the tens digit of 15361?
6
What is the hundreds digit of 28819?
8
What is the thousands digit of 22185?
2
What is the ten thousands digit of 18290?
1
What is the ten thousands digit of 16223?
1
What is the thousands digit of 36611?
6
What is the units digit of 3293?
3
What is the units digit of 1714?
4
What is the thousands digit of 1308?
1
What is the thousands digit of 3304?
3
What is the hundreds digit of 60659?
6
What is the hundreds digit of 2062?
0
What is the units digit of 671?
1
What is the tens digit of 11802?
0
What is the tens digit of 4485?
8
What is the units digit of 5682?
2
What is the tens digit of 69419?
1
What is the thousands digit of 48720?
8
What is the hundreds digit of 1973?
9
What is the thousands digit of 12439?
2
What is the units digit of 1959?
9
What is the hundreds digit of 317?
3
What is the tens digit of 42001?
0
What is the tens digit of 3213?
1
What is the tens digit of 1882?
8
What is the hundreds digit of 16300?
3
What is the tens digit of 1727?
2
What is the ten thousands digit of 21352?
2
What is the units digit of 852?
2
What is the units digit of 334?
4
What is the ten thousands digit of 22887?
2
What is the ten thousands digit of 47534?
4
What is the units digit of 1435?
5
What is the tens digit of 106?
0
What is the tens digit of 859?
5
What is the ten thousands digit of 32293?
3
What is the ten thousands digit of 23135?
2
What is the hundreds digit of 3401?
4
What is the tens digit of 5822?
2
What is the hundreds digit of 19848?
8
What is the tens digit of 2156?
5
What is the units digit of 3133?
3
What is the thousands digit of 51976?
1
What is the ten thousands digit of 50017?
5
What is the units digit of 1789?
9
What is the hundreds digit of 5780?
7
What is the thousands digit of 3740?
3
What is the ten thousands digit of 79298?
7
What is the tens digit of 177?
7
What is the tens digit of 36706?
0
What is the units digit of 4344?
4
What is the tens digit of 1668?
6
What is the units digit of 713?
3
What is the thousands digit of 18646?
8
What is the thousands digit of 4135?
4
What is the tens digit of 33897?
9
What is the hundreds digit of 9849?
8
What is the ten thousands digit of 10203?
1
What is the units digit of 33871?
1
What is the ten thousands digit of 59246?
5
What is the units digit of 4434?
4
What is the tens digit of 298?
9
What is the tens digit of 875?
7
What is the units digit of 452?
2
What is the tens digit of 56318?
1
What is the tens digit of 3773?
7
What is the hundreds digit of 19086?
0
What is the hundreds digit of 8341?
3
What is the hundreds digit of 4436?
4
What is the hundreds digit of 195?
1
What is the units digit of 741?
1
What is the tens digit of 118907?
0
What is the tens digit of 873?
7
What is the ten thousands digit of 95632?
9
What is the thousands digit of 8212?
8
What is the ten thousands digit of 21842?
2
What is the tens digit of 143287?
8
What is the thousands digit of 6068?
6
What is the tens digit of 2586?
8
What is the tens digit of 1112?
1
What is the ten thousands digit of 19718?
1
What is the ten thousands digit of 67122?
6
What is the units digit of 154652?
2
What is the thousands digit of 2373?
2
What is the hundreds digit of 8453?
4
What is the units digit of 3099?
9
What is the thousands digit of 1171?
1
What is the units digit of 44352?
2
What is the units digit of 1808?
8
What is the hundreds digit of 3967?
9
What is the ten thousands digit of 15446?
1
What is the units digit of 5507?
7
What is the units digit of 772?
2
What is the ten thousands digit of 81131?
8
What is the hundreds digit of 21816?
8
What is the thousands digit of 4243?
4
What is the units digit of 219?
9
What is the hundreds digit of 9006?
0
What is the tens digit of 5712?
1
What is the hundreds digit of 61883?
8
What is the tens digit of 4312?
1
What is the tens digit of 7562?
6
What is the thousands digit of 25408?
5
What is the thousands digit of 2169?
2
What is the tens digit of 1883?
8
What is the hundreds digit of 115432?
4
What is the units digit of 111830?
0
What is the thousands digit of 79523?
9
What is the hundreds digit of 8933?
9
What is the tens digit of 154592?
9
What is the tens digit of 35?
3
What is the hundreds digit of 1707?
7
What is the tens digit of 3549?
4
What is the units digit of 8065?
5
What is the hundreds digit of 556?
5
What is the units digit of 329?
9
What is the hundreds digit of 19834?
8
What is the hundreds digit of 31929?
9
What is the tens digit of 114607?
0
What is the ten thousands digit of 84342?
8
What is the thousands digit of 64108?
4
What is the units digit of 3556?
6
What is the thousands digit of 1746?
1
What is the hundreds digit of 44038?
0
What is the hundreds digit of 189?
1
What is the hundreds digit of 3431?
4
What is the ten thousands digit of 39038?
3
What is the thousands digit of 2408?
2
What is the thousands digit of 4589?
4
What is the tens digit of 2152?
5
What is the tens digit of 1990?
9
What is the hundreds digit of 29846?
8
What is the units digit of 256?
6
What is the units digit of 610?
0
What is the hundreds digit of 10225?
2
What is the tens digit of 11863?
6
What is the 